6. Determine m(10).
6
Let d(r) = 8*r + 1. What is d(1)?
9
Let m(u) = -u**3 - 2*u**2 + 3*u + 4. Determine m(-3).
4
Let i(b) = -10*b**2 - 3*b + 1. Calculate i(2).
-45
Let m(i) = 19*i + 2. Give m(-3).
-55
Let a(o) = 3*o**2 - 8*o + 2. What is a(3)?
5
Let x(s) = 2*s**3 + 10*s**2 + 8*s + 9. Give x(-5).
-31
Let p(n) = -2*n**3 - 2*n**2 - 2. Determine p(-2).
6
Let x(l) = 3*l + 4. Give x(-9).
-23
Let w(b) = -b**2 - 14*b + 28. Calculate w(4).
-44
Let z(h) = -29*h - 38. What is z(3)?
-125
Let p(d) = d**3 - 8*d**2 + 7*d + 5. Calculate p(7).
5
Let x(m) = -3*m**3 - 2*m + 13. Give x(3).
-74
Let j(y) = -y**3 - 21*y**2 - y - 37. What is j(-21)?
-16
Let v(f) = f**3 - 4*f**2 + 2*f - 6. Calculate v(5).
29
Let s(i) = 3*i - 7. Calculate s(6).
11
Let o(v) = -12*v - 16. What is o(-1)?
-4
Let q(d) = -2*d**3 + 2*d**2 + d - 2. Calculate q(1).
-1
Let n(p) = -p**3 - 5*p**2 + 7*p + 11. What is n(-6)?
5
Let v(k) = -2*k**3 + 60*k**2 - 2*k + 57. What is v(30)?
-3
Let n(p) = 2*p**2 + 4*p + 3. Calculate n(-4).
19
Let f(n) = n**2 - 18*n + 32. Calculate f(15).
-13
Let y(v) = 4*v. Determine y(4).
16
Let j(s) = 7*s**3 + 2*s**2 - 2*s + 1. Calculate j(1).
8
Let a(w) = -w**3 - 46*w**2 - 87*w + 50. Calculate a(-44).
6
Let j(p) = p**3 - 15*p**2 + 27*p + 10. Calculate j(13).
23
Let g(o) = 4*o + 55. What is g(-13)?
3
Let u(j) = -11*j**2 + 3*j + 2. Determine u(-1).
-12
Let a(m) = m - 1. Calculate a(-8).
-9
Let a(b) = -7*b**3 + b - 2. What is a(1)?
-8
Let n(p) = -6*p**3 - 73*p**2 - 14*p - 17. What is n(-12)?
7
Let x(u) = -u**2 - 5*u + 26. What is x(-9)?
-10
Let p(k) = -k - 19. Give p(-4).
-15
Let j(o) = -35*o**3 + o**2 + o - 1. Determine j(1).
-34
Let z(w) = 3*w - 18. Calculate z(2).
-12
Let d(r) = r**3 + 21*r**2 + 25*r + 94. What is d(-20)?
-6
Let t(h) = -34*h - 187. Give t(-5).
-17
Let y(z) = z**3 - 8*z**2 - 7*z + 3. Calculate y(8).
-53
Let h(z) = z - 17. What is h(-9)?
-26
Let c(q) = q**3 + 6*q**2 - 11. Determine c(-6).
-11
Let g(v) = v**3 - 6*v**2 - v + 2. What is g(5)?
-28
Let i(s) = -10*s**2 + 2*s + 1. What is i(-1)?
-11
Let m(n) = n**2 - n - 42. What is m(-7)?
14
Let q(a) = a**2 - 30*a + 80. Give q(28).
24
Let t(u) = 2*u**2 + 16*u - 9. Calculate t(-9).
9
Let d(x) = -x**3 - 3*x**2 - 4*x + 2. Determine d(-3).
14
Let d(s) = s**3 + 6*s**2 + 7*s + 2. Calculate d(-5).
-8
Let u(n) = 15*n - 12. Determine u(3).
33
Let n(l) = 4*l**2 + 17*l - 4. Determine n(-5).
11
Let v(m) = -m**2 + 10*m - 4. Calculate v(11).
-15
Let a(d) = -18*d**3 - d**2 + 2*d - 1. Determine a(1).
-18
Let z(g) = g**3 + 7*g**2 + g + 3. What is z(-7)?
-4
Let q(a) = -a**3 + 17*a**2 + 4*a - 32. Calculate q(17).
36
Let p(y) = 5*y - 13. Calculate p(-3).
-28
Let m(v) = 10*v + 36. Give m(-5).
-14
Let n(g) = 5*g - 6. What is n(15)?
69
Let y(o) = -2*o**2 + o + 14. What is y(-3)?
-7
Let b(h) = 12*h + 184. What is b(-16)?
-8
Let d(o) = o**2 - 14*o + 12. Determine d(12).
-12
Let b(o) = o**3 + 5*o**2 - 5*o - 7. Calculate b(-6).
-13
Let a(v) = -42*v. Give a(-1).
42
Let i(d) = -2*d**2 + 10*d + 1. Determine i(5).
1
Let z(s) = 12*s**3 - 2*s**2 + 1. Calculate z(1).
11
Let l(c) = c**3 + c**2 + c + 5. Determine l(0).
5
Let n(v) = -v**3 + 13*v**2 - 13*v + 18. Calculate n(12).
6
Let u(w) = -w**2 + w + 1. Determine u(0).
1
Let c(r) = -2*r**2 - 59*r + 67. Give c(-31).
-26
Let q(d) = -d**3 + 8*d**2 + 22*d - 10. What is q(10)?
10
Let a(w) = 2*w**3 - 7*w**2 - 9*w + 10. Determine a(5).
40
Let c(b) = 5*b + 9. Determine c(-6).
-21
Let z(s) = -8*s + 563. Determine z(70).
3
Let s(o) = -6*o - 28. What is s(-5)?
2
Let y(p) = -5*p**2 + 5*p + 6. Determine y(-1).
-4
Let x(p) = p**3 - 12*p**2 - 12*p + 40. Determine x(13).
53
Let f(r) = -r**3 + 11*r**2 - 11*r - 6. Calculate f(10).
-16
Let j(b) = -b**3 - 15*b**2 - 5*b + 3. Determine j(-14).
-123
Let m(y) = -3*y**2 - 20*y - 26. Determine m(-5).
-1
Let k(o) = o**3 - 5*o + 7. Calculate k(0).
7
Let f(o) = -6*o - 23. What is f(-5)?
7
Let q(i) = -2*i**2 - 5*i + 7. Determine q(-6).
-35
Let k(t) = t**3 + 27*t**2 + 26*t + 9. Determine k(-26).
9
Let k(h) = -h**3 - 23*h**2 - 22*h - 15. Calculate k(-22).
-15
Let k(l) = l**2 - 10. Determine k(-6).
26
Let v(f) = 2*f - 104. Calculate v(32).
-40
Let n(l) = l**2 - 40*l - 20. Determine n(0).
-20
Let r(p) = p**3 + 3*p**2 + 6*p + 4. Determine r(-4).
-36
Let g(j) = 8*j - 51. Calculate g(7).
5
Let k(j) = j**2 + 3*j + 7. What is k(4)?
35
Let x(k) = -k**2 - 16*k - 25. Determine x(-14).
3
Let v(k) = 15*k**3 + 2*k**2 + k + 1. Calculate v(-1).
-13
Let y(w) = -w**3 + 10*w**2 - 4*w + 42. Calculate y(10).
2
Let g(i) = -i**3 - 6*i**2 + 8*i + 8. What is g(-7)?
1
Let u(c) = -19*c - 1. Give u(2).
-39
Let h(k) = 4*k - 13. Calculate h(12).
35
Let g(o) = o**2 + 4*o - 8. Calculate g(-7).
13
Let w(d) = 30*d**3 - d**2 - d + 1. Determine w(1).
29
Let h(k) = -k. What is h(-2)?
2
Let l(i) = -2*i**2 + 10*i + 48. Give l(11).
-84
Let z(g) = g**3 + 10*g**2 + 12*g + 16. Calculate z(-9).
-11
Let j(w) = 67*w. Determine j(1).
67
Let q(u) = u**3 + 8*u**2 + 7*u + 1. Determine q(-7).
1
Let c(j) = -2*j**3 + 12*j**2 - 3*j - 17. Give c(5).
18
Let t(h) = h**2 + 5*h - 6. Determine t(-5).
-6
Let d(k) = 2*k**2 + 42*k - 15. What is d(-20)?
-55
Let v(a) = a**2 + 4*a - 7. Calculate v(-4).
-7
Let h(b) = b**2 + 11*b - 23. Determine h(-8).
-47
Let i(q) = -q**3 - 22*q**2 - 23*q - 33. Give i(-21).
9
Let g(a) = a**2 + 9*a - 7. Determine g(-10).
3
Let z(x) = x**3 + 3*x**2 - 5*x - 5. What is z(-4)?
-1
Let l(k) = -k**2 + 3*k + 76. Determine l(11).
-12
Let z(q) = -q**2 - 7*q - 31. Calculate z(-13).
-109
Let w(i) = i**3 - 6*i**2 - 8*i + 6. Give w(7).
-1
Let m(t) = 3*t + 1. Calculate m(3).
10
Let r(c) = -14*c + 69. Give r(5).
-1
Let p(s) = -8*s - 58. Determine p(-7).
-2
Let r(d) = 3*d + 16. Determine r(-6).
-2
Let m(g) = -g - 8. What is m(-15)?
7
Let k(w) = -w + 25. Determine k(38).
-13
Let z(c) = 6*c + 108. Calculate z(-16).
12
Let x(m) = m**2 - 6*m - 2. What is x(6)?
-2
Let u(a) = a + 12. What is u(-13)?
-1
Let a(l) = -50*l**3 - l**2 - l - 1. What is a(-1)?
49
Let h(r) = r**3 - r**2 - 10*r + 16. What is h(4)?
24
Let y(c) = 3*c**2 - 2*c + 13. Determine y(6).
109
Let g(x) = x**2 - 10*x + 10. Determine g(7).
-11
Let j(f) = -3*f**3 + 3*f**2 - 6*f + 3. Determine j(1).
-3
Let t(q) = -q**2 + q + 15. Calculate t(5).
-5
Let a(i) = i**3 + i**2 + i - 31. Give a(0).
-31
Let v(l) = l**2 + 16*l - 26. Calculate v(-18).
10
Let l(x) = -13*x - 28. Determine l(-3).
11
Let c(x) = 39*x**2 - 5*x + 1. What is c(-2)?
167
Let v(y) = y**3 + 20*y**2 - y - 1. Calculate v(-20).
19
Let c(p) = -p**3 - 7*p**2 - 4*p - 5. Calculate c(-7).
23
Let w(r) = -3*r**2 - r + 7. Calculate w(1).
3
Let d(q) = q**2 + 3*q - 18. Calculate d(-5).
-8
Let i(g) = 8*g**2 + 3*g + 19. What is i(-3)?
82
Let q(y) = 2*y**2 + 9*y + 21. Give q(0).
21
Let n(a) = -a**2 - 9*a - 7. Give n(-8).
1
Let p(i) = 6*i**2 - i - 17. What is p(3)?
34
Let l(v) = v**2 - 18*v + 31. Calculate l(10).
-49
Let n(w) = w**2 - 83*w - 3. Determine n(83).
-3
Let p(x) = -2*x + 6. Give p(-12).
30
Let d(h) = h**2 + 7*h + 1. Determine d(-7).
1
Let r(h) = 12*h - 21. Determine r(3).
15
Let i(w) = 8*w + 33. Give i(-5).
-7
Let i(b) = 4*b**2 - 53*b + 25. Give i(13).
12
Let c(i) = i**3 - 4*i**2 + 4*i - 1. Determine c(3).
2
Let m(f) = -17*f - 19. Determine m(-1).
-2
Let p(n) = -n - 21. Determine p(-20).
-1
Let z(n) = 11*n**2 + 89*n + 3. Determine z(-8).
-5
Let y(r) = r**3 - 2*r**2 - r - 2. Give y(2).
-4
Let j(v) = 4*v - 11. Give j(-2).
-19
Let a(w) = w - 31. Calculate a(23).
-8
Let x(v) = 6*v**2 - 61*v + 25. Calculate x(10).
15
Let a(x) = x**3 - 4*x**2 + 8*x - 36. What is a(4)?
-4
Let i(l) = -3*l**3 + l + 1. What is i(2)?
-21
Let t(n) = -n**3 + n**2 - n + 2. Calculate t(2).
-4
Let l(w) = -2*w**2 - 3*w. Give l(-3).
-9
Let q(n) = 11*n - 29. What is q(0)?
-29
Let x(r) = r**3 + 9*r**2 + 2*r - 8. What is x(0)?
-8
Let x(f) = -2*f**2 + 4*f - 95. What is x(0)?
-95
Let u(g) = -g**3 + 7*g**2 - 4*g - 2. Calculate u(6).
10
Let k(a) = -4*a - 1. Calculate k(-4).
15
Let w(q) = -5*q - 30. What is w(-13)?
35
Let n(r) = -r**3 - 4*r**2 - 3*r - 4. Give n(-4).
8
Let j(s) = -s**3 - 7*s**2 - 6*s + 6. Calculate j(-6).
6
Let r(i) = 95*i**2 - 3*i - 1. Give r(-1).
97
Let n(j) = -3*j**2 - 6*j - 3. Determine n(-4).
-27
Let m(y) = -y**3 + 4*y**2 - 5*y + 2. Give m(3).
-4
Let v(d) = 14*d - 29. What is v(2)?
-1
Let o(p) = 3*p - 5. Calculate o(0).
-5
Let y(q) = 4*